{"id":8,"date":"2011-10-26T23:46:40","date_gmt":"2011-10-26T23:46:40","guid":{"rendered":"http:\/\/vandegrift.conlang.org\/?page_id=8"},"modified":"2012-02-05T18:31:01","modified_gmt":"2012-02-05T18:31:01","slug":"grouplang-2011-2012","status":"publish","type":"page","link":"http:\/\/vandegrift.conlang.org\/?page_id=8","title":{"rendered":"Grouplang 2011-2012"},"content":{"rendered":"<h1>1. Introduction<\/h1>\n<p>At the beginning of the first semester school year in the year 2011, two nerds at Vandegrift High School were talking. They shared a love of languages and a desire to create them, but sadly, this activity was normally done in solitude and would rarely be shared with others. So they hatched a plan: they\u2019d create a club for those people who want to\u00a0<em>make<\/em>\u00a0languages, and learn about others. It would be a forum for linguistically-inclined nerds to talk about their languages, argue about grammar, and work together to build a great language.<\/p>\n<p>Thus the Vandegrift Language Creation Society was born, and with it the club\u2019s first \u201cgroup-lang.\u201d It\u2019s going to be a year-long project, and we might even continue it after the school year ends.<\/p>\n<h1>2. Phonology<\/h1>\n<h2><em>\u00a0 \u00a0 \u00a02.1. Consonants<\/em><\/h2>\n<p>The consonants are as follows:<\/p>\n<table border=\"1\">\n<tbody>\n<tr>\n<td><\/td>\n<td>Labials<\/td>\n<td>Alveolars<\/td>\n<td>Palatals<\/td>\n<td>Velars<\/td>\n<\/tr>\n<tr>\n<td>Stops<\/td>\n<td>p b<\/td>\n<td>t d<\/td>\n<td>c<\/td>\n<td>k g<\/td>\n<\/tr>\n<tr>\n<td>Nasals<\/td>\n<td>m<\/td>\n<td>n<\/td>\n<td>\u0272<\/td>\n<td>\u014b<\/td>\n<\/tr>\n<tr>\n<td>Trills<\/td>\n<td><\/td>\n<td>r<\/td>\n<td><\/td>\n<td><\/td>\n<\/tr>\n<tr>\n<td>Fricatives<\/td>\n<td>\u0278 v<\/td>\n<td>s<\/td>\n<td>\u0255 \u0291<\/td>\n<td>x<\/td>\n<\/tr>\n<tr>\n<td>Lateral fricatives<\/td>\n<td><\/td>\n<td>\u026c<\/td>\n<td><\/td>\n<td><\/td>\n<\/tr>\n<tr>\n<td>Approximants<\/td>\n<td><\/td>\n<td>\u0279 l<\/td>\n<td>j<\/td>\n<td><\/td>\n<\/tr>\n<\/tbody>\n<\/table>\n<p>The most unusual thing to note about this phonology is the palatal series, which are rare cross-linguistically. Also, the consonants \/r\/ and \/l\/ can be<em>syllabic<\/em>, functioning as a vowel.<\/p>\n<p>Also, note that \/j\/ in the IPA is pronounced like a \u201cy\u201d in English, the \u201cx\u201d like the\u00a0<em>ch<\/em>\u00a0in German, and the \/r\/ is trilled while the \/\u0279\/ is an English r-sound.<\/p>\n<h2><em>\u00a0 \u00a0 \u00a02.2. Vowels<\/em><\/h2>\n<p>The vowels are these:<\/p>\n<table border=\"1\">\n<tbody>\n<tr>\n<td><\/td>\n<td>Front<\/td>\n<td>Central<\/td>\n<td>Back<\/td>\n<\/tr>\n<tr>\n<td>High<\/td>\n<td>i i:<\/td>\n<td><\/td>\n<td>u u:<\/td>\n<\/tr>\n<tr>\n<td>Low<\/td>\n<td><\/td>\n<td>a a:<\/td>\n<td><\/td>\n<\/tr>\n<\/tbody>\n<\/table>\n<h2>2.3. Allophony<\/h2>\n<ul>\n<li>Voiced obstruents (\/b\/, \/d\/, \/g\/, \/v\/, \/\u0291\/) devoice at the end of a word (become \/p\/, \/t\/, \/k\/, \/f\/, \/\u0255\/ respectively).<\/li>\n<li>Any nasal sound (\/m\/, \/n\/, \/\u0272\/, \/\u014b\/) changes to match the following consonant (becomes \/m\/ before \/b, p,\u00a0\u0278\/, \/n\/ before \/t, d, s\/, etc.)<\/li>\n<li>Whenever \/s\/ or \/z\/ occurs before \/\u0255\/ or \/\u0291\/, it transforms to match.<\/li>\n<li>Voiceless sounds voice between vowels (\/ka\/+\/pa\/=[ka<strong>b<\/strong>a], for example)<\/li>\n<li>^ Except when two voiceless sounds come together between vowels, they are\u00a0<em>still<\/em>\u00a0voiceless (ie, \/kap\/+\/pa\/=\/ka<strong>pp<\/strong>a\/)<\/li>\n<li>When a voiceless and a voiced sound come together in any order, the\u00a0<em>first<\/em>\u00a0of the cluster determines the overall voicing (ie, \/sab\/+\/sa\/=[sabza], etc.)<\/li>\n<li>\u201cGeminate\u201d consonants are\u00a0<em>both<\/em>\u00a0pronounced (so \/penni\/ is pronounced [pen.ni], like \u201cpen knee\u201d, not \u201cpenny\u201d)<\/li>\n<li>A short vowel becomes long when it\u00a0receives\u00a0stress.<\/li>\n<li>\/i\/ is realized as \/\u025b\/ in front of a palatal or a velar, and as \/\u025b\u0303\/ in front of a palatal or velar nasal.<\/li>\n<li>\/i:\/ is realized as \/\u025b:\/ in front of a palatal or a velar, and as \/\u025b\u0303\/ in front of a palatal or velar nasal.<\/li>\n<li>\/u\/ is realized as \/\u0254\/ in front of a palatal or a velar, and as \/\u0254\u0303\/ in front of a palatal or velar nasal.<\/li>\n<li>\/u:\/ is realized as \/\u0254:\/ in front of a palatal or a velar, and as \/\u0254\u0303\/ in front of a palatal or velar nasal.<\/li>\n<li>\/a\/ and \/a:\/ do not change.<\/li>\n<\/ul>\n<h2>2.4. Syllable structure<\/h2>\n<p>The syllable structure is (C)V(C), which means that each syllable\u00a0<strong><em>must<\/em><\/strong>\u00a0contain a vowel, and can optionally contain: 1) a single consonant at the beginning, 2) a single consonant sound at the end of the syllable, or 4) any combination thereof. This is more restrictive than English, so a word such as <em>strengths<\/em>\u00a0could never exist in this language.<\/p>\n<h2>2.5. Romanization<\/h2>\n<ul>\n<li>First off, the sounds \/p, b, t, d, c, k, g, m, n, \u014b,\u00a0v, s, l\/ don\u2019t change in the Romanization.<\/li>\n<li>The sound \/\u0272\/ is written as \u201cnh\u201d, the sound \/\u0278\/ as \u201cph\u201d, the sound \/\u0255\/ as \u201cx\u201d, the sound \/\u0291\/ as \u201czh\u201d, the sound \/x\/ as \u201ckh\u201d, the sound \/\u026c\/ as \u201clh\u201d, the sound \/j\/ as \u201cj\u201d,\u00a0and the sound \/\u0279\/ as \u201crh\u201d.<\/li>\n<li>Long vowels can be represented with a macron (\u012b, \u0101, \u016b) or as a doubling of the letter (ii, aa, uu). The macron is preferred.<\/li>\n<\/ul>\n<h1>3. Nouns<\/h1>\n<p>Nouns are fairly simple, and are almost entirely regular. There are 4 numbers and 2 genders, which are indicated by stacking on agglutinating suffixes to the root. There are some words that exist in both genders, and some which only exist in one or the other. Nouns don\u2019t inflect for case or for anything else other than number and gender.<\/p>\n<h2>\u00a0 \u00a0\u00a0<em>3.1. Gender\/Noun class<\/em><\/h2>\n<p>There are two \u201cgenders\u201d\/noun cases:\u00a0<em>living<\/em>\u00a0and\u00a0<em>non-living<\/em>. Nouns of the living class are those things that are alive, including animals, humans, plants, and very rarely some inanimate objects that are made in the likeness of living things. Nouns of the non-living class are everything else. Because of this, a majority of nouns are of the non-living class. The living class is indicated by the suffix\u00a0<em>-\u0101<\/em>, and the non-living class by the suffix\u00a0<em>-i<\/em>. An example:<\/p>\n<table border=\"1\">\n<tbody>\n<tr>\n<td>Root word<\/td>\n<td>Pronounciation<\/td>\n<td>Living class<\/td>\n<td>Meaning<\/td>\n<td>Non-living class<\/td>\n<td>Meaning<\/td>\n<\/tr>\n<tr>\n<td>Sa\u014b-<\/td>\n<td>\/sa\u014b\/<\/td>\n<td>Sa\u014b\u0101<\/td>\n<td>(a) fortune-teller<\/td>\n<td>Sa\u014bi<\/td>\n<td>(a) possibility<\/td>\n<\/tr>\n<tr>\n<td>J\u0101nat\u0101n-<\/td>\n<td>\/ja:nata:n\/<\/td>\n<td>J\u0101nat\u0101n\u0101<\/td>\n<td>(a) person who eats walnuts very quickly<\/td>\n<td>N\/A<\/td>\n<td>N\/A<\/td>\n<\/tr>\n<tr>\n<td>Kux-<\/td>\n<td>\/ku\u0255\/<\/td>\n<td>kux\u0101<\/td>\n<td>a well-read person<\/td>\n<td>Kuxi<\/td>\n<td>(a) book<\/td>\n<\/tr>\n<\/tbody>\n<\/table>\n<p><em>3.2. Number<\/em><\/p>\n<p>There are four numbers: single, plural, \u201ca little\u201d, and \u201ca lot\u201d. \u00a0Single is used for one of something, and is not further marked. The plural is used for more than one of something, and is marked with the suffix &#8211;<em>m<\/em>\u00a0attached at the end of the noun. The \u201ca little\u201d number is used to refer to small group of something in a way that emphasizes that it is small; it is marked with the suffix\u00a0<em>-t\u012b<\/em>. The \u201ca lot\u201d number is used to indicate a large group of things; it is marked with the suffix\u00a0<em>-lhu<\/em>. An example:<\/p>\n<ul>\n<li>Kuxi- (a) book<\/li>\n<li>Kuxim- books<\/li>\n<li>Kuxit\u012b- a few books<\/li>\n<li>Kuxilhu- a lot of books<\/li>\n<\/ul>\n<h2>\u00a0 \u00a0 \u00a0<em>3.3. Articles<\/em><\/h2>\n<p>There are no articles. Definiteness is inferred from context.<\/p>\n<h1>4. Adjectives<\/h1>\n<p>Adjectives follow the same rules as nouns, and must match in number and form; eg. <em>kaxilhu m\u016bnkilhu<\/em>\u00a0(&#8220;a lot of big books&#8221;), or <em>xaz\u0101m d\u0101r<em>\u0101<\/em>m <\/em>(&#8220;long fish&#8221;).<\/p>\n<h1>5. Verbs<\/h1>\n<p>Verbs are the most grammatically complex part of this language. They conjugate for an unusually large amount of information, and tend to be very long. Because of this, there is a verbal rule that must be learnt before the verbs themselves are.<\/p>\n<h2>\u00a0 \u00a0 \u00a0<em>5.1. The Drop Rule<\/em><\/h2>\n<p>The &#8220;drop rule&#8221; states that, after the initial verb in a conversation is used, all conjugations that do not change in the next verb can be dropped. If all conjugations would be dropped, the stem alone is used. For instance, if a conversation begins with the verb <em>palurhanxiag<em>\u0101, <\/em><\/em>meaning &#8220;I was running,&#8221; and the next verb then became &#8220;I was walking,&#8221; then only the stem of the verb &#8220;to walk&#8221; would be used; so one would say <em>m<em>\u0101su<\/em><\/em>\u00a0instead of <em>m<em>\u0101surhanxiag<em>\u0101<\/em><\/em><\/em>.<\/p>\n<h2><em>\u00a0 \u00a0 \u00a05.2. How Conjugation Works<\/em><\/h2>\n<p>Verbs are indicated by the ending <em>-un<\/em>, and the &#8220;n&#8221; is dropped when the verb is conjugated. All conjugations are suffixes, and attach directly onto the end <em>-u<\/em>.<\/p>\n<h2>\u00a0 \u00a0 <em>5.3. Time Indicators<\/em><\/h2>\n<p>There are five tenses conjugated for: far past, past, present, future, and far future.<\/p>\n<p>The far past is used for events that took place long ago; for instance, historical events or myths. It is indicated by the suffix <em>-rh\u016bn-<\/em><\/p>\n<p>The past is used for events that took place relatively recently. It is indicated by the suffix <em>-rhan-<\/em><\/p>\n<p>The present is used for things that are happening currently. It is indicated by the suffix <em>-ya-<\/em><\/p>\n<p>The future is used for things that will happen soon. It is indicated by the suffix <em>-ku-<\/em><\/p>\n<p>The far future is used for things that will happen in the far future; it is the most rarely used. It is indicated by the suffix <em>-kal\u012b-<\/em><\/p>\n","protected":false},"excerpt":{"rendered":"<p>1. Introduction At the beginning of the first semester school year in the year 2011, two nerds at Vandegrift High School were talking. They shared a love of languages and a desire to create them, but sadly, this activity was normally done in solitude and would rarely be shared with others. So they hatched a [&hellip;]<\/p>\n","protected":false},"author":1,"featured_media":0,"parent":0,"menu_order":0,"comment_status":"open","ping_status":"open","template":"","meta":{"footnotes":""},"class_list":["post-8","page","type-page","status-publish","hentry"],"_links":{"self":[{"href":"http:\/\/vandegrift.conlang.org\/index.php?rest_route=\/wp\/v2\/pages\/8","targetHints":{"allow":["GET"]}}],"collection":[{"href":"http:\/\/vandegrift.conlang.org\/index.php?rest_route=\/wp\/v2\/pages"}],"about":[{"href":"http:\/\/vandegrift.conlang.org\/index.php?rest_route=\/wp\/v2\/types\/page"}],"author":[{"embeddable":true,"href":"http:\/\/vandegrift.conlang.org\/index.php?rest_route=\/wp\/v2\/users\/1"}],"replies":[{"embeddable":true,"href":"http:\/\/vandegrift.conlang.org\/index.php?rest_route=%2Fwp%2Fv2%2Fcomments&post=8"}],"version-history":[{"count":3,"href":"http:\/\/vandegrift.conlang.org\/index.php?rest_route=\/wp\/v2\/pages\/8\/revisions"}],"predecessor-version":[{"id":13,"href":"http:\/\/vandegrift.conlang.org\/index.php?rest_route=\/wp\/v2\/pages\/8\/revisions\/13"}],"wp:attachment":[{"href":"http:\/\/vandegrift.conlang.org\/index.php?rest_route=%2Fwp%2Fv2%2Fmedia&parent=8"}],"curies":[{"name":"wp","href":"https:\/\/api.w.org\/{rel}","templated":true}]}}